et l = 129 - f. Calculate the remainder when l is divided by 19.
18
Suppose 3*z - 2*z - 8 = 0. Calculate the remainder when z is divided by 5.
3
Let w = 5 + 0. Suppose 4*p + 38 = 6*p. Calculate the remainder when p is divided by w.
4
Let x(f) = 5*f**2 + 2. Let j = 33 + 8. Calculate the remainder when j is divided by x(-2).
19
Suppose -2*z - 10 = 0, -3*z + 14 = 5*q - 11. Let u = q - 3. Suppose -u*d = -134 + 34. What is the remainder when d is divided by 7?
6
Let b = 72 + -42. Calculate the remainder when b is divided by 16.
14
Let u(p) = p**3 - 5*p**2 + 9*p - 2. What is the remainder when 52 is divided by u(4)?
16
Let w = -3 - -6. Suppose g + 5*o = 13, 3*o - 9 = -2*g + w. Calculate the remainder when g is divided by (-1 - -2) + 3 + -2.
1
Suppose 0 = -4*p - d + 213, 0 = 2*p - 4*d - 109 + 25. What is the remainder when p is divided by 18?
16
Suppose 2*c - 30 = -8. What is the remainder when c is divided by (24/(-20))/((-6)/20)?
3
Calculate the remainder when 20 - (0 + 12/3) is divided by 9.
7
Suppose 3*n = 62 - 17. What is the remainder when 42 is divided by n?
12
What is the remainder when 53 is divided by 760/133*7/2?
13
Suppose 0*j + j = -2, -j = -3*t - 16. Let g be 9/45 + (-2 - 249/(-5)). What is the remainder when 30 is divided by 4/t*g/(-2)?
14
Suppose -2*i - 275 = -5*o + 182, -o + i = -92. Let s = -250 - -281. Calculate the remainder when o is divided by s.
29
Suppose -4 = -2*r, r + 3*r - 41 = 3*x. Let b = x + 17. Suppose 3*f - 50 = -2*f. What is the remainder when f is divided by b?
4
Suppose 0 = -q - 1, n + 0*q - 5*q = 37. Let l = -53 + 62. What is the remainder when n is divided by l?
5
Let m = 169 + -101. Suppose -8*p + 10*p = m. What is the remainder when p is divided by 9?
7
Let n = 20 - -16. Calculate the remainder when 105 is divided by n.
33
Suppose 8*o - q - 7 = 3*o, -o - 2*q + 8 = 0. What is the remainder when 4 is divided by o?
0
Suppose 0 = -4*a + 7 + 13. Suppose j - 2*s = -s + 18, 4*j = 2*s + 64. Calculate the remainder when j is divided by a.
4
Let g = -15 + 61. Let o be 33*3/(-6)*-2. Let i = -17 + o. Calculate the remainder when g is divided by i.
14
Suppose 0*d - 2*r - 10 = -2*d, -3*r = d - 13. Calculate the remainder when 11 is divided by d.
4
Let j = 7 + 21. Calculate the remainder when 108 is divided by j.
24
Calculate the remainder when -101*(3 + 5 + -9) is divided by 13.
10
Suppose 5*c + 35 = 5*o, 0 = -0*c - c + 3*o - 7. Let i = 7 - c. Calculate the remainder when 40 is divided by i.
12
Let g(i) = i + 8. Let f(l) = -4 + 13*l**2 + 0*l**3 + l**3 + 4 - 16*l - 5. What is the remainder when f(-14) is divided by g(0)?
7
Let o = -5 - -100. Calculate the remainder when o is divided by 16.
15
Suppose 4 = 2*m - 0. Let q(z) = 2*z**m + z**3 + z - 3*z + 0*z**2. Calculate the remainder when 6 is divided by q(-2).
2
Let o(l) = l**3 + 10*l**2 + 10*l + 12. Let v be o(-9). Suppose -6*g + 3*g = -102. What is the remainder when g is divided by 5*v/5*4?
10
Let b(c) = 2*c - 6. Suppose a = 3*y + 8, -28 = -5*a + 3*y - 0. Let p be b(a). Let n(i) = -i**2 + 5*i. Calculate the remainder when 10 is divided by n(p).
2
Calculate the remainder when 85 is divided by (-3)/(9/(-1))*(-9 - -96).
27
Suppose -3*b + 2*k + 2*k = 14, 12 = -5*b + k. Calculate the remainder when 45/2 - b/(-4) is divided by 25/3 - (-3)/(-9).
6
Suppose 4*h - 2*h - 14 = 0. Calculate the remainder when 26 is divided by h.
5
Suppose -234 = q - 3*q. Calculate the remainder when q is divided by 30.
27
Let a(z) = 2*z**2 + z + 3. Let w be a(3). Suppose 3*k - w = -3*o, -5*k - 3*o + 23 = -17. Calculate the remainder when 22 is divided by k.
6
Let b = -49 + 105. Calculate the remainder when b is divided by 19.
18
What is the remainder when 40 is divided by 2/10 - (-828)/60?
12
Suppose -4*l + 49 = 3*i, -5 = 3*i + l - 51. Let c(u) = -4*u**3 + 3*u**2 - u - 4. Calculate the remainder when c(-2) is divided by i + (1 - (-1 - -2)).
12
Suppose 2*x = 6*x - 24. Let r = -11 - -27. What is the remainder when r is divided by x?
4
Let h = 56 + -23. Suppose 0*d - 3*d = -h. What is the remainder when (21/5)/((-2)/(-10)) is divided by d?
10
Let c be 3/(45/(-6))*-10. Let a = c + 6. Calculate the remainder when 19 is divided by a.
9
Let j(d) = -d**3 - 15*d**2 - 2*d - 19. Let l be j(-15). Suppose -b + k = -15, -b - k + 4 = -l. What is the remainder when 58 is divided by b?
13
Suppose -m - x = -2*x - 20, 10 = 2*x. What is the remainder when m is divided by 9?
7
Let l(g) = -6*g + 0*g + 2 + 2*g. Suppose 0 = -2*h - 2*q + 76, 2*h + 0*q + q = 73. Calculate the remainder when h is divided by l(-4).
17
Let z = -1 + 6. Suppose -2*h + 405 - 160 = 5*g, -h = z*g - 245. Calculate the remainder when g is divided by 13.
10
Suppose -24 = -3*i + 60. Suppose 6*l + 4 = 64. What is the remainder when i is divided by l?
8
Suppose -3*w + 40 = 7. Let s be 4*(-4)/(-8) + 2. Calculate the remainder when 10/(-40) + 121/s is divided by w.
8
Suppose x + 0*x - 76 = -3*i, 0 = -2*i - 5*x + 68. Calculate the remainder when 67 is divided by i.
19
Let p(k) = 2*k**2 + 6*k - 6. Suppose 6*t = 3*t + 159. What is the remainder when t is divided by p(-5)?
11
Let o(w) = 2*w - 4. Let p be o(3). Suppose 2*d - 4*a + 12 = 0, -2*a = 2*d - 4*d - p. Calculate the remainder when d is divided by 3.
1
Let i = -2 + 7. Let y(j) = j**2 - j - 7. What is the remainder when 38 is divided by y(i)?
12
Let w(o) be the third derivative of -o**5/60 + 11*o**4/24 - 13*o**3/6 - o**2. Calculate the remainder when 18 is divided by w(9).
3
Let j = 23 - -70. What is the remainder when j is divided by 33?
27
Let t(v) = -6*v - 6. What is the remainder when 34 is divided by t(-3)?
10
Let k be 1 + 2 - (-7 - -5). Suppose -k*g + 47 = 12. What is the remainder when 26 is divided by g?
5
Let z = -225 + 260. Let k be (-18)/2 + (-1 - -2). Let f = k - -17. What is the remainder when z is divided by f?
8
Suppose 5*f + 30 = 2*w - 3, 3*w - 2*f - 22 = 0. Suppose 4*j + w = -m, 2*j - 4*j = -4*m + 56. What is the remainder when 35 is divided by m?
11
Let y = -17 + 25. Calculate the remainder when 21 is divided by y.
5
What is the remainder when 41 is divided by (-10)/(-5) + (12 - 0)?
13
Suppose 14 + 28 = 2*b. What is the remainder when b is divided by 12?
9
Let a(z) = z**2 - 10*z - 2. Let m be a(9). Let i(d) = d**3 + 12*d**2 + 9*d - 14. Calculate the remainder when 29 is divided by i(m).
5
Let b = 24 - 21. Suppose t - 40 = b*v, 4*t = 6*t - v - 65. What is the remainder when t is divided by 8?
7
Suppose 0 = -5*m + 1 + 14. What is the remainder when 6 is divided by (-1)/m + 49/21?
0
Suppose -3*w - 59 = 2*c, -2*c = -2*w - 2*w - 88. Calculate the remainder when (-7)/w - 112/(-6) is divided by 5.
4
Let c(w) = -w**3 + 5*w**2 - 3*w + 6. Suppose 5*s - 21 = -1. What is the remainder when 18 is divided by c(s)?
8
Suppose 5*q = 321 - 1021. Let w = -91 - q. Suppose 4*n + r - w = 2*r, -2*r - 20 = -2*n. What is the remainder when 37 is divided by n?
11
Let q(p) = 13*p. Let j(a) = 4*a - 1. Let g be j(3). Let m(h) = h**2 - 9*h + 3. What is the remainder when m(g) is divided by q(1)?
12
Let v = 4 + -1. Suppose 0 = 5*z - 0*l + 2*l - 204, -4*l = -v*z + 112. Suppose -n - 3*n = -z. Calculate the remainder when n is divided by 6.
4
Let o = 151 + -48. What is the remainder when o is divided by 7?
5
Suppose 2*w = 4*g + 24, -7*w = -4*w - 4*g - 40. What is the remainder when w is divided by 6?
4
Let d be -5 + 5 + (-4)/(-2). Suppose -20 = -5*t + 3*x, 0 = -t - 0*x - d*x + 17. What is the remainder when 27 is divided by t?
6
Suppose 4*s + y = 89, -3*s - 1 = -5*y - 85. Suppose -2*d - d + x = -201, -4*x = 0. What is the remainder when d is divided by s?
21
Suppose 119*p - 124*p + 215 = 0. What is the remainder when p is divided by -3 - 1/(-1) - -17?
13
Let c(v) = -v**3 + 5*v**2 + 10*v - 8. Calculate the remainder when c(5) is divided by 11.
9
Suppose -4*g = 12, 4*o - o - 3*g = 30. Let n be (-2)/(-8) + 3/(-12). Suppose 0 = -n*d + 4*d - 80. Calculate the remainder when d is divided by o.
6
Suppose 6*i - 44 - 76 = 0. Calculate the remainder when 99 is divided by i.
19
Let j = 122 - 96. Calculate the remainder when 90 is divided by j.
12
Suppose 0 = 5*z, -199 - 5 = -4*m - 2*z. Suppose -2*p - p + m = 0. Calculate the remainder when p is divided by 6.
5
Suppose -5*z - 139 = -374. Suppose z - 8 = 3*t. What is the remainder when